is the greatest common divisor of 4 and i?
4
Let c be -3 - (-4 - -3 - -4). Let f be (-2)/2 + (3 - c). Calculate the greatest common divisor of f and 88.
8
Let l(k) = k**2 + 1. Let y(m) = -m**3 - 10*m**2 - 3*m - 36. Let x(f) = -2*l(f) - y(f). Let t be x(-8). What is the greatest common factor of t and 30?
10
Suppose o + 1 - 11 = -5*r, -2*r = -2. Suppose 0 = -3*k + o*k - 12. Calculate the greatest common factor of k and 54.
6
Let z = -2542 - -2591. Suppose 2*t + 2 = 12. Suppose -2*l - t + 19 = 0. What is the highest common factor of l and z?
7
Suppose -51*y = -242 - 2308. Calculate the greatest common divisor of y and 370.
10
Suppose 4*j - 8 = 4. Suppose -j*c + 2 = 17. Let w be (-116)/c - 7/35. Calculate the greatest common factor of w and 23.
23
Let j be ((-10)/(-3))/(76/(-114)) - -57. Calculate the greatest common factor of j and 988.
52
Suppose 0 = -83*a + 14565 + 20295. What is the highest common divisor of 560 and a?
140
Let m = 7 + -1. Let v be m/21 + (-1392)/(-28). Calculate the highest common factor of v and 125.
25
Suppose -4*q = 5*j - 0*q - 8, -2*j = 4*q + 4. Calculate the highest common divisor of 17 and j.
1
Suppose -4*t = -3*m - 13, -3*m + 2*m = -5*t + 8. Suppose 0 = y + t - 25. What is the highest common factor of y and 18?
6
Suppose 4*l + 5*p = -80, 0*l = -l + 4*p - 20. Let r = 12 - l. Let k = -7 - -15. What is the highest common factor of r and k?
8
Let y = -2084 + 2086. What is the greatest common divisor of 250 and y?
2
Let q be 476/16 - 1/(-4). Suppose -f = 2*k - 39, 6*k - 3*k + 5*f - 69 = 0. Let h = -12 + k. What is the greatest common divisor of h and q?
6
Let g = 267 - 232. What is the greatest common factor of g and 21?
7
Let w(l) = -l**3 + 6*l**2 + 34*l + 12. Let i be w(6). What is the greatest common divisor of 54 and i?
54
Suppose -b - 1 = -15. Suppose 4*k - 2 = b. Suppose 0 = k*g - 3*v - 66 - 42, 0 = g + 2*v - 16. Calculate the greatest common factor of g and 6.
6
Suppose 2*f + 26*j - 31*j = 232, 114 = f - 2*j. Calculate the highest common divisor of f and 6.
2
Let s = -758 - -770. What is the highest common divisor of s and 3012?
12
Suppose 44*w + 13*w = 2337. Calculate the greatest common factor of w and 943.
41
Suppose -4*b - 3*d = -4*d - 31, 5*b - d = 40. Calculate the greatest common factor of 5 and b.
1
Let g be 0 - (-3 - -1) - 1. Suppose -2*y + 114 = 22. Let l = y + -45. Calculate the greatest common factor of l and g.
1
Let s be (2/6)/(12/1188). What is the greatest common divisor of s and 66?
33
Suppose 0 = -2*r - 0*r + 6. Let p be (3/2)/(r/6). Suppose -p*v + 18 = -42. Calculate the greatest common divisor of v and 80.
20
Suppose 4*z = -10 - 2. Let k be z/6 + 18/4. Suppose -3*q - 40 - 7 = -t, k*t + 2*q = 202. Calculate the highest common divisor of t and 10.
10
Let n be 2*(33/(-6) - -1). Let q be (60/n)/((-4)/(-114)). Let l be q/(-4 - (0 + -2)). What is the highest common divisor of l and 19?
19
Let s(i) = 5*i**2 - 8*i - 30. Let w be s(-2). Let g(b) = b**3 - b**2 - b + 4. Let m be g(-3). Let c = -17 - m. What is the highest common factor of w and c?
6
Let y be (-5454)/(-81) + 2/3. Calculate the highest common factor of 4 and y.
4
Let z = -15 - -25. Suppose -19 = -2*c + 67. Suppose -3*q - c + 118 = 0. What is the greatest common divisor of z and q?
5
Let k(w) = -2*w - 11. Let l be k(-9). Suppose a + 411 = 4*t, 0*a + 20 = 4*a. Suppose -l*r + t = -3*r. What is the highest common divisor of r and 182?
26
Let n(p) = -p**2 + 8*p + 10. Let c be n(13). Let l = -11 - c. Suppose m = v + 20, -32 = -2*m + 3*v + 6. Calculate the greatest common factor of m and l.
22
Let x be 1560/100 + -16 + (-10984)/(-10). What is the greatest common divisor of x and 18?
18
Suppose 20 + 20 = 4*r. Suppose -188*v + 181*v = -630. Calculate the greatest common divisor of r and v.
10
Suppose 0 = -31*v + 3822 + 11151. What is the highest common divisor of 21 and v?
21
Let w = -29 + 40. Let a = w - -61. Calculate the highest common divisor of a and 8.
8
Let w = 13 - 9. Suppose 2*n + 116 = w*t - 0*t, 0 = 5*t - 4*n - 148. Let f(u) = 2*u**2 - 9*u - 1. Let q be f(5). What is the highest common divisor of t and q?
4
Let n be (-1)/(-2)*1 - 2814/(-84). Calculate the highest common divisor of n and 170.
34
Let t = 16 - 7. Suppose -u + 2*x = 4*u - 135, -4*x = 0. What is the highest common factor of u and t?
9
Let y = 7 + -35. Let h = 67 + y. Calculate the highest common factor of 26 and h.
13
Suppose -6*v + v - 80 = 0. Let p = v - -42. What is the highest common factor of p and 65?
13
Suppose -3*x - t + 76 = 0, 3*x - 29 = -2*t + 42. Suppose -3 = 2*i - 4*d - 5, 25 = 5*i - 5*d. Calculate the greatest common divisor of i and x.
9
Let u(b) = -b - 13. Let w be u(-11). Let a = w + 5. Suppose -5*d = -a*z - 75, 3*d + 2*d - 5*z - 65 = 0. Calculate the highest common divisor of 36 and d.
18
Let j(i) = -3*i + 34. Let k be 0/((-1 - 4)/(-5)). Let q be j(k). What is the highest common divisor of q and 272?
34
Suppose 2*j = -2*h + 28, 0 = -4*h + 2*j + 98 - 18. Let i be (1*108/(-30))/(4/(-50)). Calculate the highest common divisor of h and i.
9
Let p = -46 + 76. Suppose 4*o = -48 + 208. Calculate the highest common divisor of p and o.
10
Let h(u) = 2*u**2 + 7*u - 5. Let x = 7 - 2. Let i be h(x). Let f = -3581 + 3591. Calculate the highest common factor of f and i.
10
Let o(y) = 8*y**3 + 3*y**2 - y - 1. Let b be -3 - (16 + 0)/(-4). Let h be o(b). Calculate the greatest common factor of 1 and h.
1
Let d be (1 + -4)/(138/(-2024)). Calculate the greatest common divisor of d and 11.
11
Let x(a) = a**3 - 13*a. Let v be x(4). Suppose -7 = t - 19. What is the highest common factor of t and v?
12
Suppose -2*p + 10 = -2. Suppose -p*b = -b - 25. What is the greatest common factor of 35 and b?
5
Let c(j) = 69*j**3 + 3*j**2 - j - 1. Let r be c(1). Suppose -5*g + r = 25. What is the greatest common factor of 3 and g?
3
Suppose 0 = 37*d + 12*d - 3087. What is the greatest common divisor of d and 84?
21
Suppose -3*z - 4 = -7*z. Suppose 23 = -2*d + s, 29 - z = -2*d - 4*s. Let x = d - -37. Calculate the greatest common divisor of x and 75.
25
Suppose -j = -4*s + 2*j - 1, -2*j + 4 = -s. Suppose 0 = -p - f - 1, -2*f = 5*p - 0*f - 7. Let d = p + -1. Calculate the highest common factor of s and d.
2
Let h be (-12)/(-27) + ((-1720)/9)/(-2). Suppose 0 = -3*j + 15 + 21. Calculate the greatest common factor of h and j.
12
Let r be (-2 + 0)/(4/(-2))*0. Let a be (-4)/14 - (-464)/56. Suppose r*f - 240 = -a*f. What is the highest common factor of f and 75?
15
Suppose -16*y = -15*y - 14. Let n = -3 - -5. Calculate the greatest common factor of y and n.
2
Let r(v) = -206*v**2 + 0*v - 4 - 6*v + 200*v**2 - 2*v**3. Let q be r(-3). What is the greatest common factor of q and 49?
7
Let z(t) = t**2 - 6. Let c be z(3). Suppose -3 = l - 4, 2*l - 62 = -c*a. Calculate the greatest common factor of 40 and a.
20
Suppose 16 = p - 0. Let o = p - -20. Let d(b) = -b + 14. Let j be d(-10). Calculate the highest common divisor of j and o.
12
Suppose 15 + 61 = 5*y - 2*r, 5*r = -2*y + 13. Let v = -11 + y. Let k be (-4 + v)/(-1)*17. What is the greatest common factor of k and 17?
17
Let l be 8 + -4 - (2 + -1). Suppose -36 = -3*t - l*p, -3*p + p - 8 = 0. Calculate the greatest common divisor of t and 112.
16
Let q(n) = n**3 - 9*n**2 + 10*n - 2. Let r(j) = 2*j**2 + j + 2. Let g be r(-2). Let t be q(g). Let m = -59 + 66. What is the highest common factor of m and t?
7
Let z = -6 + 9. Let l be (-2)/z*(-12)/(-8). Let a be 46 - l/((-3)/6). Calculate the highest common factor of a and 66.
22
Let x(j) = j**2 + 3*j - 4. Let i be x(-3). Let b(g) = 14 - g**3 - 23 - 4*g**2 - 2*g + 12. Let r be b(i). Calculate the highest common factor of 44 and r.
11
Let g be ((-48)/(-5))/(6/20). Let o = 138 - g. Let q be 21/28 - o/(-8). What is the greatest common divisor of 28 and q?
14
Suppose 459 = 26*m - 113. Calculate the highest common factor of m and 275.
11
Let p be (3 + (-358)/6)/((-1)/3). Let f = p - 95. Calculate the greatest common factor of f and 25.
25
Let i(z) = -29*z - 197. Let n be i(-7). Let q be (1/(-2))/((-2)/60). What is the greatest common divisor of n and q?
3
Let u = 75 + -55. Let l be 48/10*150/u. What is the highest common divisor of 4 and l?
4
Let z = -9 + 9. Suppose z*f = f. Let c(h) = -h + 13. Let u be c(f). Calcula